s digit of l?
1
Let d(s) = 2*s**3 + s + 59. What is the hundreds digit of d(9)?
5
Suppose 8*x - 954 = 422. What is the units digit of x?
2
Let s(h) = 3*h**2 + 24*h - 15. Let k be s(-16). Suppose 292 = 3*u + 5*w, k + 109 = 5*u + 4*w. What is the tens digit of u?
9
Let d = -201 - -395. Let p = 341 - d. What is the hundreds digit of p?
1
What is the tens digit of (2208/920)/((-1)/(-305))?
3
Let s = 170 + -372. Let u = s - -402. What is the hundreds digit of u?
2
Suppose -g = -4*l - 7, 2 = 2*l + 2*g + 18. What is the units digit of l/1*(-28)/12?
7
Suppose 2*t + 1021 = 3*p, 2*t - 684 = -3*p + p. What is the units digit of p?
1
Suppose -8*c + 4933 = -611. Let b = -415 + c. What is the tens digit of b?
7
Let p = 4221 + -2253. What is the thousands digit of p?
1
Suppose 3 - 35 = -2*q. Let n(g) = -g**3 + 18*g**2 - 24*g + 21. What is the tens digit of n(q)?
4
Suppose -2*n + 13 = 3*d, -4*d - 1 = 5*n - 30. What is the units digit of ((-1)/(-2))/(n/205)*6?
3
Let p(b) = b**3 - 5*b**2 - 10*b + 41. What is the tens digit of p(10)?
4
Let n = 2975 - 2083. What is the hundreds digit of n?
8
Let l(u) = -u**3 - 10*u**2 + 9*u - 20. Let b be l(-11). Suppose 3*x = -b*x + 310. What is the units digit of x?
2
Let r be (-1)/(-5) + 19/5. Let t(a) = a**2 + 1. Let g be t(r). What is the units digit of g + (-3 - -1 - -2)?
7
Let i be 41/13 + 6/(-39). Suppose 0 = i*o + 2 - 143. Let z = o - 8. What is the units digit of z?
9
Let d = -67 + 101. Suppose j = 2*u - 14 + d, 4*u + 40 = 3*j. Let y = u - -23. What is the units digit of y?
3
Let l(x) = -x**3 + x**2 - 3*x + 2499. What is the hundreds digit of l(0)?
4
What is the tens digit of 1/((347850/9939)/(-5) + 7)?
1
Let s = -2 - -18. Let t = -31 - -20. Let p = t + s. What is the units digit of p?
5
Let y(k) = 20*k**2 - 2*k - 187. What is the tens digit of y(15)?
8
Let t(x) = 10*x + 815. What is the units digit of t(-35)?
5
Let j = 5177 + -2894. What is the hundreds digit of j?
2
Suppose 37 = -l + 7. Let w = 42 - l. What is the units digit of w?
2
Let d(a) = 2*a - 5. Let n(p) = -3*p + 5. Let l(x) = -4*d(x) - 3*n(x). What is the tens digit of l(17)?
2
Let u = 4723 + -1276. What is the units digit of u?
7
Suppose -7*k + 18 = -k. What is the units digit of (k + -2)*(3 + 16)?
9
Suppose 5*l - 7330 = -74*a + 69*a, -3*a + 15 = 0. What is the units digit of l?
1
What is the units digit of ((-170)/(-50))/((-9)/(-8865))?
9
Suppose -2*t + b = 205, 2*b + 2*b = -4. Let y = t + 192. What is the units digit of y?
9
Suppose 4*i - 672 = 732. Suppose -2*o - g + 436 = 3*o, 0 = -4*o - 3*g + i. What is the tens digit of o?
8
What is the hundreds digit of 8404/10 + (-1)/10*4?
8
Let g = 181 - 21. What is the tens digit of g?
6
Let w = -17 - 115. Let b be w/(-28) - (-4)/14. Suppose 0*a = -a - 3*j - b, -5 = 5*a + 5*j. What is the units digit of a?
1
Let t(y) = 58*y**2 - 22*y + 9. What is the tens digit of t(6)?
6
What is the units digit of (-5146)/(-12) - 1*(-2)/12?
9
Let n(t) = t - 15. Let v be n(9). What is the tens digit of (-540)/(-8) - (-3)/v?
6
Let l be (-7 - -13 - 7)*-1*5. Suppose -2*h - l + 15 = 0. What is the units digit of h?
5
Let w(c) = -6*c - 3. Let y be w(-2). Let x(u) be the first derivative of -u**3/3 + 11*u**2/2 + 7*u + 12. What is the tens digit of x(y)?
2
Let y be ((-12)/(-8))/(3/4). Suppose y*s = -2*s + 200. Let r = s - 19. What is the units digit of r?
1
Suppose 33937 = 55*u - 36298. What is the tens digit of u?
7
Suppose 2*x - r = 1 - 5, 8 = 4*r. What is the tens digit of 46*(3 - (x + -1 - -3))?
9
Suppose -5*p - 8*v + 1162 = -7*v, -3*v - 475 = -2*p. What is the hundreds digit of p?
2
Let i(j) = 3*j**3 + 4*j**2 - 7*j + 29. What is the hundreds digit of i(9)?
4
Let g = -189 - -196. What is the units digit of g?
7
Suppose 0 = 5*i - 3*g - 3, 5*i + 5 = -7*g + 2*g. Suppose -12 = -4*s - i*s, -p = -2*s - 112. What is the tens digit of p?
1
Suppose 0*r = -5*r + 10, 4*x + 2*r - 3848 = 0. What is the units digit of x?
1
Suppose 15*q - 14*q = 0. Suppose q = 36*c - 40*c + 984. What is the hundreds digit of c?
2
Suppose 4*h + 8 = -5*f, 5*f - 4*h + 13 + 19 = 0. Let j be 6 + -1 + 2 + f. Suppose 2*n = n + j*y + 20, 4*n + 3*y - 20 = 0. What is the units digit of n?
8
Let d(t) = -t**3 - 8*t**2 - 7*t - 4. Let i be d(-7). Let y(n) = n**3 + 3*n**2 - 3*n + 5. What is the units digit of y(i)?
1
Suppose 0 = 50*v - 60*v + 370. Suppose -4*z + z + 12 = 0. What is the units digit of z + -2 + v + 3?
2
Let y = -126 + 289. Let c = y + -67. What is the tens digit of c?
9
Suppose 7*d - 8 = 5*d. Suppose d*l + 87 = g - 4*g, -2*l - 16 = -4*g. Let x = 24 + l. What is the units digit of x?
6
Suppose -2*q = -7*q + u + 35, 0 = -2*u + 10. Let z be (-4)/16 + 442/q. Let p = z - 35. What is the units digit of p?
0
Let l = 345 - 223. Let t = l + -13. What is the hundreds digit of t?
1
Let v be (2 - -4)/3 - 7. Let r = 9 + v. Suppose 5*m - 118 = r*i + 20, i = m - 28. What is the tens digit of m?
2
Let j(k) = 96*k - 166. What is the tens digit of j(12)?
8
What is the hundreds digit of (-12 - (-112)/6)*3252/10?
1
Let j(m) = 16 + 14*m - 3*m + 12 - 11. What is the units digit of j(5)?
2
Let f = -3067 + 5343. What is the units digit of f?
6
Let q = 8 + 299. What is the units digit of q?
7
Suppose 2*d + 5 = y, 2*y - 4*y = 4*d - 42. Suppose 2*m = 31 + y. What is the tens digit of m?
2
What is the tens digit of 4183 + 39 - 6/1?
1
Let k = -9 + 11. Let y = -1 - k. What is the units digit of 14/1 - (y - -1)?
6
Let s be (-4)/6 - 56/6. Let p(y) = 2*y + 23. Let r be p(s). Suppose -149 - 52 = -r*n. What is the tens digit of n?
6
Let p be (2 - 4)/((-1)/(-87)). Let n = p - -301. What is the hundreds digit of n?
1
Let p(q) = -q**2 + 3*q + 3. Let y(o) = o**2 - 5*o - 6. Suppose -21 + 9 = 4*i. Let c(m) = i*y(m) - 5*p(m). What is the units digit of c(-4)?
5
Suppose -2*x - 3*j = -j - 444, 1060 = 5*x - 5*j. Let p(d) = d**3 + 7*d**2 - 15*d - 1. Let g be p(-10). Let y = g + x. What is the tens digit of y?
6
Let c(x) be the first derivative of -3*x**2 - 12*x + 9. What is the tens digit of c(-4)?
1
Suppose 209*f = 182*f + 83538. What is the units digit of f?
4
Let g = 182 - -348. What is the tens digit of g?
3
Let q(m) = 5 + m - 2*m**2 + m**3 + 7*m**2 + m + 4*m. Let f be q(-3). Suppose f*j - 161 = l + 86, -l - 51 = -j. What is the units digit of j?
9
Let t(q) = q**3 + q + 49. Let y = -21 + 21. Let u be y*3/(-24)*-4. What is the units digit of t(u)?
9
Suppose 3*l + 3*l - 198 = 0. Let h = l - 28. Suppose 69 + 116 = h*p. What is the tens digit of p?
3
Suppose 2*w = 5*m + 2032, 5*w - 403 = 5*m + 4692. What is the tens digit of w?
2
Let b be -3 + (-4 - -1 - 50/(-5)). Suppose 4*n + l = 33, -l - 1 - 1 = -n. Suppose t - b = n. What is the tens digit of t?
1
Let k be 6/(-27) + 249/27. Suppose 5*l - k*l = -356. What is the tens digit of l?
8
Let o be 2527/(-49) - (-3)/(-7). Let q = o - -93. Suppose 0 = -4*r + 31 + q. What is the tens digit of r?
1
What is the units digit of (((-4032)/27)/(-7))/((-1)/(-30))?
0
Suppose -4*u = -3*u - 55. Let z = 65 + -63. What is the tens digit of u + (-1 - (-4)/z)?
5
Let r(w) = 2*w**2 - w + 6. Let s(o) = -4*o**2 + 2*o - 13. Let f(q) = 5*r(q) + 2*s(q). Let t be f(6). Let d = t - 39. What is the tens digit of d?
3
What is the tens digit of (1 - -344) + ((-10)/(-10) - -1)?
4
Let z(f) = -3*f - 15. Let g be z(-5). Let n(q) = -q**3 + q**2 + q + 82. What is the tens digit of n(g)?
8
Suppose 14*d = 12*d - 2*g + 9474, g = -4*d + 18945. What is the hundreds digit of d?
7
Suppose -5*x = 4*a - x - 20, -3*a - 2*x + 15 = 0. Let y(v) = 1 - a + 1 - 3*v. What is the units digit of y(-5)?
2
What is the units digit of (-6 - -10)/(4 - (-2 + 2))?
1
Let i(s) = -3*s - 60. Let b be i(-20). Suppose 17*a - 5*a - 156 = b. What is the tens digit of a?
1
Let c(r) = 46*r**2 + 41*r + 245. What is the thousands digit of c(-7)?
2
Suppose t - u + 4*u = 743, -u = 3*t - 2213. What is the tens digit of t?
3
Let w = -71 - -104. Let j = w - -37. What is the tens digit of j?
7
Let z(w) = 2*w**2 - 8. Let m be z(7). Suppose -398 + m = 4*q. Let b = -46 - q. What is the tens digit of b?
3
Suppose 3*y = 30 - 0. Let h(m) = -13 + 13*m + 13*m + 14*m - 37*m. What is the units digit of h(y)?
7
Suppose c = 2*v - 694, -26*c + 30*c = -2*v + 704. What is the units digit of v?
8
Let q(x) = 3*x**2 - 46*x - 50. What is the hundreds digit 